t is the greatest common factor of 150760 and 280?
40
What is the highest common divisor of 77690 and 2720?
170
Calculate the highest common factor of 60191 and 23.
23
What is the highest common factor of 16280 and 222?
74
Calculate the greatest common factor of 296 and 76812.
148
Calculate the greatest common divisor of 52146 and 10224.
18
What is the highest common factor of 261 and 4727?
29
Calculate the highest common divisor of 6223 and 16510.
127
What is the greatest common divisor of 5340 and 361785?
1335
Calculate the highest common divisor of 296592 and 3340.
668
Calculate the highest common factor of 989 and 4393.
23
What is the highest common divisor of 2968 and 144368?
56
What is the highest common divisor of 110 and 2186096?
22
Calculate the highest common factor of 701060 and 20.
20
Calculate the greatest common factor of 1452840 and 120.
120
What is the greatest common divisor of 80 and 609424?
16
Calculate the greatest common divisor of 171 and 473100.
57
Calculate the greatest common divisor of 21 and 112119.
21
Calculate the highest common divisor of 32682 and 1950.
78
Calculate the highest common factor of 176 and 160798.
22
Calculate the greatest common divisor of 29937 and 204.
51
What is the greatest common factor of 1734 and 49164?
102
What is the greatest common factor of 821129 and 106?
53
Calculate the greatest common divisor of 477294 and 48.
6
Calculate the greatest common divisor of 305 and 109495.
305
What is the highest common factor of 478 and 8626466?
478
Calculate the greatest common divisor of 70812 and 56.
28
Calculate the highest common divisor of 68386 and 62.
62
What is the greatest common divisor of 6012 and 21?
3
Calculate the highest common factor of 54664 and 8.
8
Calculate the highest common factor of 1440 and 1312.
32
Calculate the highest common divisor of 719894 and 182.
14
Calculate the highest common factor of 95 and 181279.
19
Calculate the highest common divisor of 3036 and 2709630.
1518
What is the greatest common divisor of 3135 and 285?
285
Calculate the greatest common divisor of 33124 and 18252.
676
Calculate the greatest common factor of 639054 and 234.
234
Calculate the highest common factor of 22 and 104269.
11
Calculate the highest common divisor of 7184619 and 1053.
1053
Calculate the highest common divisor of 44 and 45023.
11
What is the highest common factor of 5782 and 2282?
14
Calculate the highest common divisor of 224 and 787264.
32
What is the highest common factor of 1526 and 86219?
763
What is the highest common factor of 2291166 and 486?
162
What is the greatest common factor of 524 and 1359?
1
Calculate the greatest common divisor of 7751 and 957417.
337
Calculate the greatest common factor of 1943 and 9947.
29
Calculate the greatest common factor of 54511 and 1057.
151
Calculate the highest common divisor of 48 and 174.
6
What is the highest common divisor of 76 and 14310724?
76
What is the highest common factor of 349388 and 52?
52
Calculate the greatest common divisor of 5100 and 156900.
300
What is the highest common divisor of 7800 and 2990325?
975
Calculate the highest common divisor of 16 and 957304.
8
Calculate the greatest common divisor of 759365 and 580.
145
Calculate the greatest common factor of 54198 and 12.
6
What is the highest common factor of 6154 and 901?
17
What is the greatest common factor of 978922 and 126?
14
What is the highest common factor of 144369 and 36?
9
What is the highest common factor of 4611 and 174?
87
Calculate the greatest common factor of 26001 and 1712.
107
Calculate the highest common divisor of 126 and 4407498.
18
What is the greatest common divisor of 52 and 47879?
13
Calculate the greatest common divisor of 37439 and 58095.
1291
Calculate the highest common divisor of 68052 and 23214.
318
Calculate the greatest common divisor of 72041 and 7625.
61
Calculate the highest common divisor of 322 and 229138.
14
Calculate the highest common factor of 110 and 3360.
10
What is the greatest common factor of 788289 and 381?
381
What is the highest common divisor of 5131 and 91?
7
What is the greatest common divisor of 24273 and 522?
261
Calculate the highest common factor of 27 and 12819249.
27
Calculate the highest common divisor of 61412 and 91.
13
What is the highest common divisor of 39295 and 57181?
271
What is the highest common divisor of 68803 and 2?
1
Calculate the greatest common factor of 334 and 557.
1
What is the greatest common factor of 52 and 4513808?
52
Calculate the highest common factor of 335 and 126898.
67
Calculate the greatest common factor of 58 and 2994569.
29
What is the highest common divisor of 8 and 383?
1
Calculate the highest common divisor of 192 and 305436.
12
Calculate the highest common factor of 741 and 18468.
57
What is the highest common factor of 282676 and 204?
68
What is the greatest common divisor of 23958 and 162?
18
Calculate the highest common divisor of 234 and 229428.
18
Calculate the greatest common divisor of 378 and 266.
14
What is the greatest common divisor of 623711 and 11?
11
Calculate the greatest common divisor of 117 and 51207.
39
What is the greatest common divisor of 282 and 2514124?
94
What is the highest common factor of 344 and 29756?
172
Calculate the greatest common divisor of 162 and 3150738.
162
Calculate the greatest common divisor of 10 and 13723910.
10
Calculate the highest common divisor of 4508 and 29596.
196
Calculate the highest common factor of 470092 and 1648.
412
Calculate the greatest common factor of 847 and 512743.
77
What is the highest common factor of 175 and 6265175?
175
What is the highest common divisor of 393 and 268550?
131
Calculate the greatest common divisor of 2867 and 1464.
61
What is the greatest common divisor of 4 and 27821?
1
What is the greatest common factor of 114409 and 1797?
599
Calculate the highest common factor of 775 and 23675.
25
What is the greatest common divisor of 12 and 417?
3
What is the highest common factor of 10 and 41270?
10
Calculate the highest common divisor of 8830 and 40.
10
What is the greatest common divisor of 281017 and 3464?
433
What is the greatest common factor of 316484 and 178?
178
Calculate the greatest common factor of 350 and 52122.
14
Calculate the highest common divisor of 370 and 22685.
5
Calculate the greatest common factor of 93521 and 328.
41
What is the greatest common divisor of 17425 and 820?
205
What is the highest common divisor of 92 and 1747103?
23
What is the highest common factor of 1983187 and 89?
89
What is the greatest common divisor of 168 and 19425?
21
Calculate the greatest common divisor of 70312 and 8648.
376
What is the highest common divisor of 79461 and 11445?
327
Calculate the highest common divisor of 18300 and 72.
12
What is the greatest common divisor of 8 and 316446?
2
What is the highest common divisor of 6915389 and 43?
43
Calculate the highest common factor of 43141 and 77.
7
Calculate the greatest common factor of 1647 and 330498.
549
What is the highest common factor of 4 and 5317?
1
What is the highest common divisor of 22043 and 47?
47
Calculate the highest common divisor of 207 and 58627.
23
Calculate the highest common divisor of 4602 and 858.
78
What is the highest common divisor of 73965 and 60?
15
What is the highest common factor of 14 and 632?
2
Calculate the greatest common divisor of 64002 and 138.
6
Calculate the highest common factor of 9455 and 85.
5
Calculate the highest common divisor of 166794 and 30.
6
What is the greatest common factor of 528 and 1176?
24
Calculate the highest common divisor of 143 and 116743.
11
What is the highest common factor of 252934 and 66?
22
Calculate the highest common factor of 492 and 225008.
164
Calculate the highest common divisor of 648420 and 8.
4
Calculate the highest common divisor of 39 and 288704.
13
What is the highest common factor of 4 and 22549?
1
What is the greatest common divisor of 1375 and 88?
11
Calculate the highest common factor of 156660 and 24.
12
Calculate the highest common factor of 368796 and 6315.
1263
What is the highest common factor of 387 and 94686?
129
Calculate the greatest common factor of 56 and 507304.
56
What is the greatest common divisor of 5095 and 1036323?
1019
Calculate the greate